136 - 54. What is the remainder when z is divided by p?
26
Let s = 5 + -8. Let g = -23 + 5. What is the remainder when -3*s/g*-194 is divided by 33?
31
Suppose 0*b = 5*b + 5*a - 415, b = 5*a + 107. Calculate the remainder when b is divided by 46.
41
Let g = 32 + 37. Suppose -3*o - 3 = 0, o = 2*y + 3*o + 128. What is the remainder when g is divided by (-21)/y + 142/6?
21
Let b(r) = r**3 + 20*r**2 - 2*r - 4. Let u be b(-20). What is the remainder when 46 is divided by u/(-5)*120/(-36)?
22
Let y be (-3)/(3 + 45/(-10)). What is the remainder when (y + 1)*16/6 is divided by 3?
2
Let s = 37 + -21. What is the remainder when 76 is divided by s?
12
Suppose 4*h - u - 2 = 3, 2*u + 1 = -h. Let c(g) = 6 - 8*g - 3 + h - g**2. What is the remainder when 30 is divided by c(-6)?
14
Suppose -3*o = -2*i - 20 - 81, i - 72 = -2*o. Calculate the remainder when 101 is divided by o.
31
Calculate the remainder when 13 - (-13125)/45 - (-4)/3 is divided by 11.
9
Suppose -l - 2*l - 384 = 0. Let g = l + 188. Let k = 15 + g. What is the remainder when k is divided by 26?
23
Let h = -10 + 5. Let n(x) = 2*x**3 - 4*x**2 - 5*x - 2. Calculate the remainder when n(4) is divided by (-2 - -1)*3*h.
12
Suppose 2*y - 300 = -2*y. Let j = -40 + y. Let s = j + -24. Calculate the remainder when 42 is divided by s.
9
Let q(b) = -b + 2. Suppose -17 = -10*i + 3. What is the remainder when i/((-10)/(-15)) + 8 is divided by q(-4)?
5
Let n(c) = 2*c**2 + 2*c - 3. Let h be 2/((-8)/4)*0. Suppose h*m = 5*m - 95. Calculate the remainder when n(4) is divided by m.
18
Let h = 7 + 77. Suppose -2*z + 84 = 2*p, -13 = -2*p - 5*z + 68. Calculate the remainder when h is divided by p.
41
Suppose 0 = -2*r - 0*r + 4. Suppose -2*f + 0*f - t + 46 = 0, 0 = 2*f - t - 42. Calculate the remainder when f is divided by (-66)/(-8) - r/8.
6
Let p(u) = -2*u + 2. Let b be p(-4). Suppose 0*c - 160 = -4*f + c, 40 = f - 5*c. Calculate the remainder when f is divided by 4/4 - b*-2.
19
Suppose 6*z = 1471 + 1151. Calculate the remainder when z is divided by 22.
19
Let m = -74 + 77. Let c be (-1)/((-1)/(-10)*-2). Let g = c + m. What is the remainder when 12 is divided by g?
4
Suppose -20*q + 16*q + 64 = 0. Suppose -6*f + 346 = q. What is the remainder when f is divided by 19?
17
Let s(r) = -r**2 + 7*r - 1. Let i be s(6). Suppose i*n = 198 + 52. What is the remainder when n is divided by 18?
14
Let a = -19 - -198. Suppose 35 - a = -3*x. Suppose -3*i = -x - 3. Calculate the remainder when 32 is divided by i.
15
Suppose -4*l - 5*q + 120 = 0, -3*l + 60 = -l - 4*q. What is the remainder when 82 is divided by l?
22
Let t(a) = -2*a - 18. Calculate the remainder when 590 is divided by t(-20).
18
Let m(j) = j**3 - 9*j**2 + 6*j + 5. Let a be m(8). Let q(z) = z**2 + 10*z + 15. Calculate the remainder when q(a) is divided by 14.
12
Let g(l) = l**3 + 13*l**2 + 11*l + 14. What is the remainder when g(-9) is divided by 61?
56
Suppose 3*o + 54 = 6*o. Suppose 15*p + p = 1408. What is the remainder when p is divided by o?
16
Suppose 5*c = -2*i - i + 429, -411 = -5*c + 3*i. Calculate the remainder when c is divided by 8.
4
Let u(r) = -r**3 + 5*r**2 + 7*r + 7. Suppose 11*z - 8*z = 6. Calculate the remainder when u(6) is divided by 3/(-6)*(0 + (-16)/z).
1
Suppose 129 - 100 = 3*b + 5*h, -4*b = -3*h. Calculate the remainder when 9 is divided by b.
0
Let d(b) = 7*b**2 + 40*b + 40. Let w(a) = 57*a**2 + a + 1. Calculate the remainder when w(-1) is divided by d(-5).
12
Suppose -100*l = -108*l + 1040. What is the remainder when l is divided by 40?
10
What is the remainder when 166 is divided by (-47)/(329/(-140))*(-1 - -3)?
6
Let g(u) = u**3 - 5*u**2 - 12*u - 11. Let w be g(7). Suppose -q - w = p - 16, 3*q = 5*p - 57. Calculate the remainder when 22 is divided by p.
10
Suppose 0 = -3*m - 3*m + 30. Let z = 41 + m. What is the remainder when z is divided by 13?
7
Suppose 279*w - 275*w = 188. Calculate the remainder when 177 is divided by w.
36
Suppose 57 = d + 2*t, d - 16 = -5*t + 56. Calculate the remainder when d is divided by 9.
2
Suppose v - 3*v + 3*x + 190 = 0, -5*x + 285 = 3*v. What is the remainder when v is divided by 37?
21
Let s be (-1 + 174/(-4))/(1/(-2)). Suppose -125 = -a - c, a - 31 - s = -2*c. Calculate the remainder when a is divided by 33.
31
Suppose 3*o = -4*r + 82, 5*o - 48 = r - 3*r. Suppose -456 = -r*w + 7*w. Calculate the remainder when w is divided by 23.
15
Let m = -503 - -517. Calculate the remainder when 52 is divided by m.
10
Suppose -620 - 280 = -20*b. What is the remainder when 127 is divided by b?
37
Let g = -454 - -458. What is the remainder when 10 is divided by g?
2
Let q = -13 - -41. Let b be -2 + (-5)/((-2)/2). Let o = q - b. Calculate the remainder when 49 is divided by o.
24
What is the remainder when 17 is divided by 7 + (-14*(-4)/(-8) - -2)?
1
Let p(n) = -n**3 - 12*n**2 - 12*n - 11. Let v be p(-11). Suppose v = 9*y - 764 + 17. What is the remainder when y is divided by 22?
17
Suppose -2*g + 69 + 15 = -5*x, 2*x = g - 42. What is the remainder when 103 is divided by g?
19
Let x = -99 + 110. Suppose -2*w = 3*n + 65 + 27, 5*n = -4*w - 180. Let t = 81 + w. What is the remainder when t is divided by x?
8
Let k(l) = -6*l**2 - 24*l + 21. Calculate the remainder when 36 is divided by k(-4).
15
Suppose 5*d - 27 = 23. Calculate the remainder when 47 is divided by d.
7
What is the remainder when 299 is divided by 2 - (2620/(-45) - (-2)/9)?
59
Let q(v) = -v**3 + 7*v - 5. Let x be (-2)/(-5) - (-44)/(-10). What is the remainder when 60 is divided by q(x)?
29
Let n(g) = 4*g**2 - 2*g - 7. Calculate the remainder when n(3) is divided by (2 - -1)/1*4.
11
Suppose -12*s - 10 = -442. What is the remainder when 179 is divided by s?
35
Let b = 128 - 128. Suppose b = 5*d - 26 + 1. Calculate the remainder when 16 is divided by d.
1
Let l = -1242 - -1265. Let t(k) = -9*k**3 - k**2 - 3*k - 2. Let q be t(-2). Suppose 0 = 5*f - q + 12. Calculate the remainder when l is divided by f.
11
Let y be 20 + -1*(-4 - -1). Suppose -7 = 4*h - y. Suppose 34 = 5*a - 4*r, 0*a - 2 = -a + 2*r. What is the remainder when a is divided by h?
2
Suppose -176 = c - 12*c. Let k be -16*(-1)/6*3. What is the remainder when (3 - 1/(-2))*k is divided by c?
12
Suppose 0 = s - 0*s - 14. Let u = 19 - -34. Calculate the remainder when u is divided by s.
11
Suppose 0 = 23*h - 6*h - 459. Calculate the remainder when 512 is divided by h.
26
Suppose -3*u - 17 = 4. Let k = u + 13. Let p = 0 + k. What is the remainder when 22 is divided by p?
4
Let b(o) be the second derivative of o**4/3 + o**3/2 + 3*o**2 + 26*o. Let w = 19 - -58. Calculate the remainder when w is divided by b(-2).
13
Suppose -2*k + 2*r - 5*r - 164 = 0, -r = -4*k - 300. Let l = k + 118. Suppose -5*b + 3*b = -l. Calculate the remainder when b is divided by 6.
3
Let x(d) = 5*d + 2 - 2 - 7 + 6. What is the remainder when 9 is divided by x(1)?
1
Let f(q) = -q**2 - 25*q - 20. Suppose 4*j + 41 + 51 = 0. Let a(m) = m**3 - 6*m**2 - 2*m - 11. Calculate the remainder when a(8) is divided by f(j).
23
Let v be 6*23 + -3 + 0. Let n = 58 + v. Suppose -4*d - 4*r - 9 + 173 = 0, -5*d = -r - n. Calculate the remainder when d is divided by 10.
9
Suppose 3*j - 4*h - 113 = 0, 2*j + 63 = 3*j + 5*h. What is the remainder when j is divided by 7?
1
Suppose 0 = -m + 5*g + 31, 0*g - 6 = -3*g. What is the remainder when 450 is divided by m?
40
Let p = 1284 - 1220. What is the remainder when 574 is divided by p?
62
Let f = -716 - -736. Calculate the remainder when 101 is divided by f.
1
Let t = 16 - 11. Let s = 1844 + -1832. Calculate the remainder when s is divided by t.
2
Let z(y) = -y**3 - 7*y**2 + 6*y - 17. Let d be z(-8). Let m(f) = 57*f**2 - 2*f - 2. Calculate the remainder when m(d) is divided by 12.
9
Let d(t) = 5*t**2 - 78*t + 26. Calculate the remainder when d(24) is divided by 45.
44
Calculate the remainder when 195 is divided by (-8)/(-2) - 18/((-324)/630).
0
Let m be 5/((-3)/(-2)*(-10)/15). What is the remainder when ((-186)/m)/((-81)/(-15) + -5) is divided by 16?
13
Let o(c) = 48*c**2 + 9*c. Suppose -41 = -2*r + 5*q, -r - q + 2 = -1. Calculate the remainder when o(-1) is divided by r.
7
Suppose 0 = 3*d - 5*b - 132, 5*d + 4*b = 17 + 240. Calculate the remainder when 536 is divided by d.
46
Let h(v) = 9*v**2 - 16*v - 40. Let z(g